). Calculate h(b).
-19
Suppose 2 - 8 = -6*z. Let f(x) = -x + 1. Calculate f(z).
0
Let l = 8 + -4. Suppose 3*c - l*c + 4 = 0. Let a(j) = -j**3 - c*j**2 + 14*j - 14*j - 1. What is a(-3)?
-10
Let r(q) = q. Let f be r(0). Let n = f - -6. Let g(b) = -b**2 + 6*b + 4. What is g(n)?
4
Let f be ((-2)/6)/((-2)/18). Let x(o) be the second derivative of o**3/3 + o**2 + 34*o. What is x(f)?
8
Let s(z) be the third derivative of z**6/120 - z**5/12 + z**4/6 + z**3/3 - 7*z**2. Calculate s(4).
2
Let i be (-6)/21 + 172/14. Let j be i/(-8)*(-4)/3. Let v(y) = j + 1 + 2*y - 5. Determine v(2).
2
Let m(j) = j**3 - j**2 + 1. Let y(z) = 14*z**3 - 7*z**2 + 6. Let a(c) = 5*m(c) - y(c). Calculate a(1).
-8
Let l(x) = 1 - 2*x**2 + 3*x + 3*x**2 - 10*x. Suppose -6*j + 2*j + 20 = -o, o = -3*j + 22. Calculate l(j).
-5
Let t(u) be the third derivative of -u**5/12 + u**3/6 + 5*u**2. Give t(-1).
-4
Suppose -2*b + 3 = -b, 2*r - 4*b = -14. Let k(a) = -2*a**2 - 6*a - 2. Let f(m) = -m**2. Let p(s) = r*k(s) + f(s). Determine p(-6).
2
Suppose 2 = y - 3. Let f(t) = -4*t - t + y*t - t + 3. What is f(7)?
-4
Suppose 2*v + 3*v - 5 = 0. Let n(g) be the second derivative of 3*g**5/10 - g**4/6 + g**3/6 - 2*g. What is n(v)?
5
Let d(h) be the second derivative of -2*h**5/5 + h**4/12 - h**3/6 + h**2/2 - 8*h. What is d(1)?
-7
Let q(k) = k - 2. Let u be q(2). Let y be 4/(-2 + 3 - u). Let p(s) = 2*s. Let j(d) = 4*d - 1. Let x(v) = -6*j(v) + 11*p(v). What is x(y)?
-2
Let k(r) = -r + 1. Let w(a) = -6*a. Let d(j) = 8*k(j) - w(j). Give d(-6).
20
Let s(o) = o**3 - 6*o**2 - 7*o - 5. Let g be s(7). Let r = 8 - 5. Let f(a) = -a**r + 0*a**3 + a - 6*a**2 - 5 - 6*a. Determine f(g).
-5
Let c(a) be the second derivative of -a**5/20 - 5*a**4/12 + 4*a**3/3 - 3*a**2/2 + 3*a - 11. Give c(-6).
-15
Let z = -2 + 5. Let j(f) = z - 2*f - 5 + 4 - 1. Give j(-2).
5
Let h(w) = -6*w**3 + 2*w**2 + 2*w + 1. Let u = -14 + 13. What is h(u)?
7
Let q(y) = y + 3. Suppose -2*w = -3 - 3. Suppose -w*m + m - 6 = 0. Determine q(m).
0
Let y(d) be the second derivative of 0 + 3*d - 1/12*d**4 + 0*d**2 - 1/3*d**3. What is y(2)?
-8
Let b(f) = 5*f**3 - f**2. Let h be 44/33 - 2/6. Determine b(h).
4
Let b = 3 - -6. Let m(u) = -7*u + 14*u + u**2 + 0*u**2 - b*u. Let i be 1 - (-2)/3*3. Calculate m(i).
3
Let w(x) = -7*x + 75. Let j be w(11). Let c(y) be the first derivative of y**4/4 + 2*y**3/3 - 1. Give c(j).
0
Let u(f) be the first derivative of -7*f**4/2 - 2*f**3/3 + f**2/2 + 7. Suppose -o + 0 = -5*w - 1, -2*o - 4*w + 2 = 0. Determine u(o).
-15
Suppose g - 8 = -3*v, v - 4*v = -15. Let w(k) be the third derivative of k**6/120 + 7*k**5/60 - k**4/24 - k**3 + 51*k**2 + 2. What is w(g)?
1
Let y(m) = -m**3 - m**2 - 1. Let o(q) = -2*q**3 - 2*q**2 - 5. Let c(t) = o(t) - 3*y(t). What is c(0)?
-2
Let z be (-8)/3*(-9)/(-6). Let r(t) = t**2 + 5*t + 2. Determine r(z).
-2
Let r(v) = 2*v**3 - 2*v**2 + 4*v - 2. Let g be 19/(-7) + 5 + 2/(-7). Determine r(g).
14
Let n(p) = -2*p**3 - 2*p**2 + 3*p + 2. Let u(q) = -q**3 + q**2 - q + 1. Let j(c) = -n(c) + 3*u(c). Calculate j(4).
-7
Let d(y) be the third derivative of y**4/24 + y**3/3 + 20*y**2. Calculate d(3).
5
Let t(p) = -6*p + 10. Let x(l) be the third derivative of l**4/6 - 7*l**3/6 + l**2. Let u(j) = -5*t(j) - 7*x(j). Determine u(-3).
-7
Let n be 2*((-2)/2 - 1). Let u(z) = -z**2 - 5*z - 3*z**2 + 3*z**2. Determine u(n).
4
Let s(v) = v - 4. Let k be 4 + 34/(-9) + (-104)/(-18). Give s(k).
2
Let m(v) be the third derivative of v**2 + 1/24*v**4 - 1/120*v**5 + 0 + 0*v - 1/90*v**6 - 1/6*v**3. Let i(j) be the first derivative of m(j). Calculate i(1).
-4
Let l = -56 - -61. Let q(p) = 3 - 2 + 4*p - 5*p. What is q(l)?
-4
Let q(g) = g + 2. Let r be 1 - (0 + 3 + 1). What is q(r)?
-1
Suppose -p = -2 - 2. Suppose b + p*s - 17 = s, -3*b + s = -11. Let v(o) = 1 - 5*o**2 - 5*o + 0 + 6*o**2. Determine v(b).
1
Let f(a) = -a**3 + 4*a + 3. Suppose 11*q + 6*q = -34. What is f(q)?
3
Let g(p) = -p**3 + 6*p**2 - p + 8. Let n be g(6). Suppose -n = 4*w - 2*w. Let q(l) = -6*l + 1. Calculate q(w).
7
Let i = -37 - -33. Let w(l) = -2*l**2 + 3 + 3*l**2 + 2*l - 8. Give w(i).
3
Suppose -g + 3*o - o = -1, -3*g - 2*o = -11. Let y(w) = g*w**2 + 6*w + 1 + 0*w**2 - 4*w**2 + 2. Determine y(5).
8
Suppose -2*a - 9 + 1 = -4*w, -5*w = -5*a - 10. Let c(h) = -h**2 - 6. Give c(a).
-6
Let l(t) = 3*t**3 + 4*t**2 - 4*t - 12. Let y(p) = 2*p**3 + 4*p - 2 + 3*p**2 - 6 - 8*p + p. Let j(h) = 5*l(h) - 8*y(h). Determine j(-5).
9
Let w(k) = -k - 1. Let u(f) = -7*f - 8. Let g(l) = -u(l) + 6*w(l). Let x be (1 + -2)*0 - 0. Suppose -d - d = x. What is g(d)?
2
Let q(f) = -f**3 + 2*f**2 + 3*f - 1. Let w(j) be the third derivative of -j**2 + 0 - 1/2*j**3 + 0*j + 5/24*j**4 - 1/60*j**5. Let g be w(2). What is q(g)?
-1
Let o(n) = -87*n + 2 - 5*n**2 + 86*n + n**3 - 2*n**3. Give o(-3).
-13
Let d be (1/(-2))/(3/(-6)). Let l(a) = 0*a + d + 0*a + a. Suppose -3*v + 2 = -3*o - 19, 5*o = v - 15. Determine l(o).
-1
Let q(g) = -g**3 + 7*g**2 + 9*g - 3. Let c(v) = v**2 + 4*v + 3. Let h be c(-5). What is q(h)?
5
Let m(v) be the second derivative of v**4/12 + v**3/6 + v**2/2 - 17*v. Let r = 4 + -7. Determine m(r).
7
Let y = -69 - -66. Let x(l) = -l**2 - 3*l + 4. Give x(y).
4
Let g = 11 + -8. Let p(x) = -x**2 + 4*x + 1. Give p(g).
4
Let v be -7 - (-4)/2 - -2. Let m(o) = -o + 0*o + 0*o**2 - o**2 + 4. Determine m(v).
-2
Let f(m) = m + 5. Let p be f(-4). Let d(k) = p - 9*k + 2*k**2 + 9*k. Let g = 0 - -1. Calculate d(g).
3
Suppose 0 = -4*b + i + 2 + 4, 1 = -b - i. Let c(u) be the first derivative of 5/2*u**2 + 1/3*u**3 - 5*u - b. Give c(-5).
-5
Let j(u) = -5*u. Suppose 2*i + 2*i = 0. Suppose -f = -i*f + 1. Calculate j(f).
5
Let w(a) = a - 5. Let j be 27/12 + 2/(-8). Let b(h) = 2*h**2 - 3*h**3 + 1 + 0*h**2 + 2*h + 0*h**j. Let s be b(-1). What is w(s)?
-1
Let f(p) = p**3 - 2. Let h(y) = -y**2 + y. Let b(m) = f(m) - h(m). Determine b(2).
8
Let v(a) = -a - 11. Let b(q) = 1. Let w(o) = -4*b(o) - v(o). Suppose 2*l = -4*i + 3*i, 12 = -4*l - 5*i. Suppose d + r + l = -1, 5*d = -2*r - 18. Give w(d).
3
Suppose -4*c - 2*l = 2, 0 = -2*c + 3*l - 0*l - 21. Let j(o) = -3*o - 4. Let p(m) = -6*m - 9. Let i(r) = 7*j(r) - 3*p(r). Calculate i(c).
8
Let y(z) = 2*z - 5. Let i(h) = 5*h - 14. Suppose -5*m - 31 = -m + k, -3*k = -3. Let n(w) = m*y(w) + 3*i(w). Determine n(-4).
2
Let a be (-4)/(-6) - 28/(-21). Let x(f) = 22 - 13 - 10 - a*f**2. What is x(-1)?
-3
Let a(q) = q**2 + q - 5. Let s be a(4). Suppose 0 = -3*n - 3*h - s, -3*n - 5*h - 16 - 3 = 0. Let g be 3 - 1 - (n + 2). Let y(m) = 2*m**2 - 4*m. Calculate y(g).
6
Let v(k) = -2*k + 2. Suppose -3*c = -0*c - 3*z - 24, 2*c - 5*z - 31 = 0. Give v(c).
-4
Let y(j) = -7*j**3 - 2*j**2 - j. Let s(i) = 6*i**3 + i**2 + i. Let f(l) = -3*s(l) - 2*y(l). Determine f(1).
-4
Let k(g) = -4*g**2 - 1. Let r be k(1). Let m(a) = a - 1. Let j(i) = -1. Let v = 7 - 9. Let l(u) = v*m(u) + 6*j(u). What is l(r)?
6
Let h(i) be the third derivative of -1/24*i**4 + i**2 + 0 - 1/3*i**3 + 0*i. Suppose -5 = 2*y - y. Calculate h(y).
3
Suppose k + 2*d - 2 - 1 = 0, -4*k - 2*d = -18. Suppose -k = 3*p + 2*p. Let b(w) = -6*w + 6. Let q(s) = 1. Let z(g) = -b(g) + 6*q(g). Calculate z(p).
-6
Let a(y) = -y**2 - 5*y + 2. Let v be (8/(-6))/(6/(-9)). Suppose -w = -0*w + v. Let f be -3 - (2 - (-2)/w). Give a(f).
6
Let c(m) = m**3 - 8*m**2 - 9*m - 1. Let l be c(9). Let i be -4 - l - (-4)/1. Let j(k) = 8*k**3 - k**2 + 2*k - 1. Give j(i).
8
Let k = 20 + -19. Let d(l) = -k + l - l**3 + 0*l**3 + 0*l - l**2. Give d(1).
-2
Let k(t) = 10*t - 19. Let p(q) = -7*q + 13. Let a(n) = -5*k(n) - 7*p(n). Let j be 12/3 - 1*(-6)/3. Determine a(j).
-2
Let c(v) = v + 11. Let h be c(-5). Let s(j) = 4*j**2 + j - 3*j**2 - 6*j - h. What is s(6)?
0
Let y(t) = -t - 2. Let k(f) = -2*f - 2. Let x(g) = 3*k(g) - 4*y(g). Let p = -17 - -22. Let c(w) = 3*w - 4. Let h(o) = p*x(o) + 3*c(o). Calculate h(5).
-7
Suppose m + 2 = -5*l + 4*m, 4*l + 4*m = 24. Suppose 4*h = -h + 20. Suppose -h*w - 3*x + 12 = 0, 9 = -w + 4*w - l*x. Let k(r) = -r + 6. Give k(w).
3
Let g(z) = z + 7. Let h(y) = y + 1. Let n(c) = -g(c) + 2*h(c). Let k(a) = -4*a + 16. Let q(p) = -2*k(p) - 7*n(p). What is q(-3)?
0
Let s(k) = -k**2 - 5. Suppose 89*q = 94*q - 20. Give s(q).
-21
Let a be 4/40*-18 + (-2)/10. Let s(w) = -6*w - 5. Give s(a).
7
Let h(m) = -3*m - 1. Let s be 4/(-3 - (-8 